e prime factors of f?
2, 11
Suppose 0 = -4*i + 9 + 15. Suppose -i*y + 110 = -y. Let u = -13 + y. List the prime factors of u.
3
Suppose 5*b - 3*z = 247, -5 = -5*z - 0. Suppose -3*a = 85 + b. List the prime factors of -2*3 - -3 - a.
2, 3, 7
Suppose 4*c - 12 = -3*i, 2*i + 12 = 5*i - 3*c. Suppose 5*n - 20 = h + 3*n, -4*h - i*n - 128 = 0. Let j = 70 + h. List the prime factors of j.
2, 3, 7
Let o be (4/6)/((-12)/(-72)). Suppose 8 = 2*p - o*q, 3*p - 3*q - 6 = 9. Suppose 11*n - 180 = p*n. What are the prime factors of n?
2, 3
Let d(q) = 2*q - 15. Let f be d(6). What are the prime factors of f + ((-306)/21)/(4/(-28))?
3, 11
Let q be (-6)/(3 + -1) + 3. Suppose 0*x - x + 5 = q. Let l(v) = v**2 + v + 4. What are the prime factors of l(x)?
2, 17
Let q = 35 + -17. Suppose 5*w + 5*l = 40, l - 4*l + 20 = 2*w. Suppose w*k - 102 + q = 0. What are the prime factors of k?
3, 7
Let f(m) = -3*m - 3. Let v be f(9). Let u be (v/25)/((-3)/(-10)). Let t = u - -56. List the prime factors of t.
2, 13
Let w = 46 + 516. List the prime factors of w.
2, 281
Let g(b) = b**3 - 2*b**2 - b - 6. Let n be g(3). Suppose n = -4*t + t + 159. What are the prime factors of t?
53
Suppose -597 = -5*p - i, -84 = 2*p - 4*i - 314. Suppose v + p = q - 4*v, 3*q - v - 343 = 0. List the prime factors of q.
2, 3, 19
Suppose 0 = 22*b - 12*b - 30. Suppose 0 = -b*p - 4*f + 142, -5*p + 0*f + 245 = 5*f. List the prime factors of p.
2, 3
Let g be (-12)/(-20)*(-10)/(-2). Suppose g*j - c = 1068, -3*j = -4*c - 1457 + 389. List the prime factors of j/18 + 20/90.
2, 5
Suppose -34 = -5*f + 296. Suppose -18 - f = -4*n. List the prime factors of n + 4*(-2 + 1).
17
Suppose -3*a + 7*a = 20. Suppose s - 22 + a = 0. What are the prime factors of s?
17
Let t be (28/70)/((-2)/10). Let i be (7 - 8)/(t/4). List the prime factors of 7 + 0 + 1 - i.
2, 3
Suppose 13*x = -9635 + 25274. What are the prime factors of x?
3, 401
Suppose 0 = 7*g - 3*g - 2624. List the prime factors of g.
2, 41
Let f = 180 - 176. Let y(z) = z**2 + 5*z - 3. Let w be y(-6). Suppose -5*o + w*c + 129 = 6*c, 62 = 2*o - f*c. What are the prime factors of o?
3
Let o(f) = -f - 5. Suppose -3*w + 16 - 37 = 0. Let t be o(w). Suppose 4*v = -4*a + 12, -3*v = 4*a - t*v - 15. What are the prime factors of a?
2
Let s(h) = -h**3 + 27*h**2 + 37*h + 29. List the prime factors of s(27).
2, 257
Suppose 5 = -4*a + 1. Let c(h) = -47*h**2 - h. Let r be c(a). Let p = -27 - r. What are the prime factors of p?
19
Let i = 1394 - 604. What are the prime factors of i?
2, 5, 79
Suppose s - 4*o - 81 = 108, 0 = -5*s + 2*o + 981. List the prime factors of s.
197
Suppose -4*r = -0*r - 248. Let c = -37 + r. Suppose 0 = -a - 4*o + c, a - 4*o = -2*o + 43. What are the prime factors of a?
37
Suppose -203 - 247 = -9*n. What are the prime factors of n?
2, 5
Suppose 0 = 142*s - 133*s - 10701. List the prime factors of s.
29, 41
Let z be 185/25 - (-2)/(-5). Suppose -5*v + 2 = -z*v. What are the prime factors of (-6 + (v - -1))*-10?
2, 3, 5
What are the prime factors of 3/(-9)*(16 + -1993)?
659
Let a(f) = 2*f**3 - 7*f**2 + 2*f + 7. Let h be a(3). Suppose -3*r = 3*u - 207, 4*r - 3*r - 81 = -h*u. List the prime factors of r.
5, 13
Let h(q) = -q**3 - 7*q**2 - q - 12. Let s be h(-7). What are the prime factors of (-337)/s - 22/55?
67
Suppose -20*k - 12 = -26*k. Let h(s) = 75*s - 2. What are the prime factors of h(k)?
2, 37
Let z(n) = 6*n**2 - 4*n - 5*n**2 - n + 3*n - 1. Let q be z(6). What are the prime factors of q*(-1 - (0 - 2))?
23
Suppose -p - 3*r + 1293 = -5*r, 2*p - r = 2580. What are the prime factors of p?
1289
Suppose -1466 = -5*w - 4*b, -5*w + b + 1458 = 3*b. List the prime factors of w.
2, 5, 29
List the prime factors of 35/2*(-16)/(-14).
2, 5
Let l be 2805/135 - 4/(-18). Let a = l - 18. List the prime factors of (-3)/a*-1*46.
2, 23
Let z(a) = -14*a - 15. Let o be z(6). Let t = 125 + o. What are the prime factors of t?
2, 13
Let i(v) = -v**3 - 2*v**2 + 3*v + 2. Let g be i(-3). Suppose -g = -3*z - 5. What are the prime factors of 0 + z - 2 - -27?
2, 3
Suppose 830*l = 842*l - 13716. What are the prime factors of l?
3, 127
List the prime factors of ((-1)/(1 - 0))/(11/(-4224)).
2, 3
Suppose 3*h - 2 = 1348. List the prime factors of h.
2, 3, 5
Let a be 2/(-7) + -2 + (-306)/(-42). Suppose 2*y + 10 = 6*y + a*z, -2*y + z = -12. What are the prime factors of y?
5
Suppose 0 = 5*f - 4*i - 1479, -f - 5*i - 1480 = -6*f. What are the prime factors of f?
5, 59
Let t = 41 - 31. Let w = t + -8. List the prime factors of (-2)/(4/(-100)*w).
5
Let l(n) be the first derivative of -5*n + 2 + 5/2*n**2. What are the prime factors of l(12)?
5, 11
Suppose -l = 3*i - 6*l, 5*i - 22 = l. Suppose -i*w = -5*a - 195, w + a - 39 = 3*a. List the prime factors of w.
3, 13
Let h(x) = 19*x**3 - x**2 - 7*x + 18. List the prime factors of h(3).
3, 167
Suppose -3*x - 3*c = 2*c - 34, -4*x + c + 7 = 0. Suppose 3*l - 186 = 3*w, x*l - 4*l - w + 54 = 0. List the prime factors of l.
2, 29
Suppose -8*b - 7854 = -14*b. What are the prime factors of b?
7, 11, 17
Let o be 1 + (-3 + 2)/(-1). Let f(v) = v**3 - v**2 + v. Let i be f(o). List the prime factors of ((-2)/2)/(i/(-66)).
11
Let d be 209/11*(-1 + 0). Let c = d - -52. What are the prime factors of c?
3, 11
Suppose -7*s + 8 = -6. What are the prime factors of 12/(-30) - (s + 2256/(-15))?
2, 37
Let x be 1/(-5) - (-174)/(-5). Let p = x + 86. Let u = p + -26. List the prime factors of u.
5
List the prime factors of 329/1*10/7.
2, 5, 47
Let k(n) be the second derivative of 7*n**5/4 + n**3/6 - n**2/2 + 18*n. What are the prime factors of k(1)?
5, 7
List the prime factors of (3 - 760/(-16))/((-1)/(-2)).
101
Suppose 2*g - 44 = -128. Suppose -r - 89 = -5*w, 2 - 22 = -w - 2*r. List the prime factors of 314/14 + w/g.
2, 11
Let d = -26 - -30. Suppose v + d*v - 318 = 4*x, 5*v + 3*x = 339. What are the prime factors of v?
2, 3, 11
Suppose 33*l - 7*l = 36010. List the prime factors of l.
5, 277
Suppose -7157 - 21833 = -10*z. List the prime factors of z.
13, 223
Let k(j) = -j**2 - 31*j - 160. List the prime factors of k(-21).
2, 5
Let l = -3002 + 4369. What are the prime factors of l?
1367
Suppose -25*a = 5*a - 26790. List the prime factors of a.
19, 47
Let g be (-1079)/(-4) + 20/80. Let h = g - 156. List the prime factors of h.
2, 3, 19
Let i be (-3 - -4)*-14 - -2. Let q(w) = -w - 17. Let s(f) = 3*f + 68. Let z(m) = 9*q(m) + 2*s(m). List the prime factors of z(i).
19
What are the prime factors of -4084*(-1 - 24/(-32))?
1021
Let g = -608 + 2975. What are the prime factors of g?
3, 263
Let l = 45 + -30. Suppose 6*h - 1228 = -1210. Let b = l - h. What are the prime factors of b?
2, 3
Let v be -128 + 5 - 0/(-4). Let x = 87 - v. List the prime factors of x.
2, 3, 5, 7
Let x = -742 - -1831. Suppose -3*c = 8*c - x. List the prime factors of c.
3, 11
Let w(x) = 2*x**2 + 36*x - 239. What are the prime factors of w(-36)?
7, 151
Suppose -1577 = -7*n - 107. Let r = n + -73. List the prime factors of r.
137
Let a = 2376 + -1578. List the prime factors of a.
2, 3, 7, 19
Suppose z - 1 = -2*g, 2*g + 8 - 3 = z. List the prime factors of z.
3
Let n(b) = -12*b + 2. Let t(h) = -24*h + 5. Let p(l) = -l**2 + 6*l + 9. Let y be p(6). Let f(w) = y*n(w) - 4*t(w). What are the prime factors of f(-3)?
2, 17
Suppose 5*n = s + 4*s - 20, s + 4*n + 21 = 0. Let u be s - (-14 + 0) - 4. Suppose -j + 2 = -u. What are the prime factors of j?
11
Let l = -8 - -9. Let y(x) = 8*x**2 + 2*x - 1. Let t be y(l). Let c = t + 7. List the prime factors of c.
2
Let g(u) = u**3 + 13*u**2 + 21*u + 4. Let m = 43 - 52. What are the prime factors of g(m)?
139
Let y(d) = -d**2 + 5*d - 3. Let r be y(3). Let h be (1 + r)/(-4)*7. List the prime factors of h + 23 + (-1)/1.
3, 5
Let c = 1 - -3. Suppose -2*r - c = -0*r, r - 1 = -z. Suppose -130 = -2*h - z*h. What are the prime factors of h?
2, 13
Let a(r) = 4*r - 11 + 12 + 2*r - r**2. Let b be a(5). List the prime factors of 196/b - 6/9.
2
Let d = -5 - 25. What are the prime factors of (-12216)/(-180) - 4/d?
2, 17
Suppose 4*g = -g + 10. Suppose g*q + 4 + 6 = u, -4*u + 2*q = -22. Suppose -120 = u*j - 9*j. What are the prime factors of j?
2, 3
Let o(i) = 2626*i + 48. List the prime factors of o(1).
2, 7, 191
Let w = 293 + -43. Suppose -w = -6*y + 428. List the prime factors of y.
113
Let p(a) =